or of 96 and 930.
6
Calculate the greatest common divisor of 232 and 31784.
232
What is the highest common factor of 81 and 9396?
81
What is the highest common divisor of 27 and 729?
27
Calculate the highest common divisor of 952 and 14008.
136
What is the highest common factor of 1659 and 1501?
79
What is the greatest common factor of 2033 and 19?
19
What is the highest common divisor of 20 and 400?
20
What is the highest common factor of 96 and 32?
32
Calculate the highest common divisor of 10 and 1410.
10
What is the greatest common divisor of 58 and 10498?
58
Calculate the highest common factor of 147 and 21.
21
What is the greatest common divisor of 20 and 40?
20
Calculate the highest common factor of 54 and 18.
18
Calculate the highest common divisor of 477 and 53.
53
What is the highest common factor of 89 and 801?
89
Calculate the greatest common factor of 25 and 75.
25
What is the highest common factor of 16 and 16?
16
Calculate the highest common divisor of 1098 and 2379.
183
Calculate the greatest common factor of 171 and 399.
57
What is the highest common divisor of 3175 and 200?
25
Calculate the greatest common factor of 580 and 40.
20
Calculate the greatest common divisor of 112 and 64.
16
Calculate the highest common factor of 15 and 2505.
15
What is the greatest common divisor of 611 and 1157?
13
What is the highest common factor of 321 and 1712?
107
What is the highest common factor of 1603 and 3664?
229
Calculate the greatest common divisor of 9 and 1800.
9
What is the greatest common factor of 105 and 2247?
21
What is the greatest common factor of 52 and 351?
13
What is the highest common divisor of 96 and 24?
24
What is the greatest common divisor of 48 and 408?
24
What is the greatest common divisor of 7 and 8561?
7
Calculate the greatest common factor of 34 and 46716.
34
Calculate the highest common divisor of 48 and 684.
12
Calculate the highest common divisor of 799 and 47.
47
Calculate the greatest common divisor of 3050 and 366.
122
What is the highest common divisor of 126 and 2502?
18
Calculate the highest common divisor of 19 and 1007.
19
Calculate the highest common factor of 308 and 343.
7
Calculate the greatest common factor of 7 and 343.
7
Calculate the greatest common factor of 19 and 5.
1
Calculate the highest common factor of 29646 and 122.
122
What is the highest common divisor of 48 and 282?
6
Calculate the highest common factor of 68 and 168.
4
Calculate the greatest common divisor of 65 and 13.
13
What is the greatest common divisor of 83 and 35607?
83
Calculate the greatest common factor of 4 and 982.
2
Calculate the greatest common factor of 4343 and 101.
101
Calculate the highest common divisor of 288 and 279.
9
What is the greatest common divisor of 130 and 9685?
65
What is the greatest common divisor of 39 and 1131?
39
What is the greatest common divisor of 48 and 81?
3
What is the greatest common factor of 36875 and 59?
59
Calculate the highest common divisor of 176 and 1672.
88
What is the greatest common divisor of 2295 and 340?
85
What is the greatest common factor of 5675 and 50?
25
What is the highest common divisor of 60565 and 5?
5
What is the highest common factor of 360 and 1503?
9
Calculate the highest common divisor of 20 and 20.
20
What is the highest common factor of 995 and 10?
5
What is the greatest common divisor of 13 and 2691?
13
Calculate the highest common divisor of 27 and 1341.
9
What is the highest common factor of 5038 and 286?
22
What is the highest common factor of 32 and 24?
8
Calculate the highest common divisor of 32 and 224.
32
Calculate the greatest common factor of 266 and 19.
19
What is the highest common divisor of 69 and 184?
23
What is the highest common factor of 3143 and 7?
7
Calculate the greatest common factor of 156 and 117.
39
Calculate the highest common divisor of 256 and 88.
8
Calculate the highest common factor of 432 and 13608.
216
Calculate the highest common factor of 330 and 510.
30
What is the highest common divisor of 605 and 33?
11
What is the highest common divisor of 63 and 495?
9
Calculate the greatest common divisor of 364 and 112.
28
Calculate the greatest common divisor of 24 and 726.
6
Calculate the highest common factor of 60 and 15660.
60
What is the greatest common divisor of 391 and 23?
23
Calculate the highest common factor of 8503 and 22.
11
What is the highest common factor of 253 and 22?
11
Calculate the greatest common divisor of 5355 and 525.
105
What is the highest common divisor of 4 and 116?
4
Calculate the highest common divisor of 344 and 430.
86
Calculate the highest common factor of 216 and 783.
27
What is the greatest common factor of 648 and 16?
8
Calculate the highest common divisor of 18 and 4.
2
What is the highest common factor of 75 and 2055?
15
Calculate the greatest common factor of 14703 and 338.
169
Calculate the highest common divisor of 32 and 34.
2
What is the highest common divisor of 8639 and 636?
53
Calculate the greatest common divisor of 16 and 4592.
16
Calculate the highest common divisor of 38406 and 37.
37
What is the highest common factor of 6 and 30?
6
What is the highest common factor of 301 and 215?
43
Calculate the highest common factor of 13 and 247.
13
Calculate the highest common factor of 3780 and 63.
63
Calculate the highest common factor of 2776 and 16.
8
Calculate the greatest common factor of 80 and 18660.
20
What is the highest common divisor of 451 and 33?
11
Calculate the greatest common factor of 47 and 752.
47
What is the greatest common factor of 844 and 4009?
211
Calculate the highest common factor of 231 and 8855.
77
What is the highest common factor of 3164 and 28?
28
Calculate the highest common divisor of 115 and 10557.
23
Calculate the greatest common factor of 874 and 345.
23
What is the highest common factor of 27 and 1107?
27
What is the highest common divisor of 9 and 1656?
9
Calculate the greatest common factor of 247 and 26.
13
What is the highest common factor of 665 and 1463?
133
What is the greatest common factor of 54 and 2286?
18
Calculate the greatest common factor of 4 and 652.
4
What is the highest common divisor of 44 and 1100?
44
Calculate the greatest common divisor of 54 and 30.
6
Calculate the greatest common divisor of 27 and 9099.
27
What is the highest common divisor of 60 and 12?
12
Calculate the highest common divisor of 425 and 25.
25
Calculate the highest common factor of 15 and 970.
5
What is the greatest common factor of 15 and 795?
15
What is the greatest common factor of 3955 and 35?
35
Calculate the greatest common factor of 27 and 432.
27
Calculate the highest common divisor of 198 and 90.
18
Calculate the greatest common factor of 31 and 155.
31
What is the highest common divisor of 11377 and 62?
31
Calculate the highest common divisor of 15 and 2610.
15
Calculate the greatest common factor of 10 and 3810.
10
Calculate the greatest common divisor of 517 and 141.
47
Calculate the highest common factor of 15 and 10.
5
Calculate the highest common divisor of 2407 and 29.
29
What is the greatest common divisor of 63 and 45?
9
Calculate the greatest common factor of 234 and 91.
13
Calculate the greatest common divisor of 13029 and 202.
101
What is the highest common divisor of 438 and 162?
6
Calculate the highest common divisor of 1014 and 6.
6
What is the highest common factor of 152 and 72?
8
Calculate the highest common factor of 17 and 68.
17
What is the highest common divisor of 57 and 76?
19
Calculate the greatest common divisor of 39 and 143.
13
What is the highest common factor of 71 and 127019?
71
Calculate the highest common factor of 189 and 147.
21
What is the greatest common factor of 26 and 1118?
26
Calculate the highest common divisor of 60 and 1020.
60
Calculate the highest common divisor of 115 and 14375.
115
What is the greatest common factor of 15 and 1555?
5
Calculate the highest common factor of 34 and 1649.
17
Calculate the highest common divisor of 20 and 2560.
20
What is the greatest common divisor of 33 and 2101?
11
Calculate the greatest common divisor of 1243 and 3955.
113
What is the highest common factor of 2697 and 87?
87
What is the greatest common factor of 11 and 187?
11
Calculate the highest common divisor of 1